b(-4).
-6
Let b(r) = -2*r - 2. Let a(q) = -3*q - 3. Let y(v) = -3*a(v) + 4*b(v). What is y(15)?
16
Let j(r) be the first derivative of -12 - 2*r + 1/2*r**2. Determine j(-2).
-4
Let y(l) = 3*l - 16. Let j = -4 + 11. Let m be y(j). Let z(i) = 5*i - 6. Determine z(m).
19
Let o = -37 - -40. Let k(i) = 0*i**2 + 4*i**2 - 2*i**2 - 1 - 3*i - o*i**2. Let f be (0 - -2) + -3 + -2. Determine k(f).
-1
Let a = -63 + 63. Let t(u) = u**2 + 4. What is t(a)?
4
Let q(n) be the second derivative of n**5/20 - 13*n**4/12 + 10*n**3/3 + 13*n**2/2 + 34*n + 9. Determine q(11).
-9
Let j(x) be the third derivative of -x**6/120 + 7*x**5/60 - 3*x**3/2 - 2*x**2 - 3*x. Determine j(7).
-9
Let n(h) = -697*h**2 + 2 - 4 + 696*h**2. Suppose -x - 1 = 2. Determine n(x).
-11
Let w(k) = -4*k - 50 - 38 - 47 + 122. What is w(-4)?
3
Let z(m) = -m - 3. Let r(n) = -2*n**2 - 2*n + 2. Let h be r(-4). Let p = h + 27. Give z(p).
-8
Suppose 6*v + 5*v = 55. Let z(l) = 2*l - 10. Determine z(v).
0
Let r = -370 + 366. Let o(q) = -q - 7. Let a(k) = -k - 8. Let c(x) = 5*a(x) - 6*o(x). Give c(r).
-2
Let g be 30/24*(-14 - -6). Let i(b) = b**3 + 9*b**2 - 11*b - 5. Give i(g).
5
Let o = 121 - 121. Let p(a) = -a**3 - 6*a**2 - 4*a + 5. Let g be p(-5). Let q(x) = g + 1 - 4 + o*x + x. Calculate q(3).
0
Let d(k) = 4*k**2 - k - 1. Let a = -45 + 63. Suppose 7*h = a*h + 22. Give d(h).
17
Let c(m) be the third derivative of 0*m**5 + 0*m**3 + 15*m**2 + 0*m**4 + 0*m + 0 + 11/120*m**6. What is c(-1)?
-11
Let l(p) = p + 4*p - 14*p + 10 + 8*p. Let t be l(3). Let r(k) = -k**2 + 5*k + 7. Determine r(t).
-7
Let u be (-3 + (-70)/(-21))*15. Let y(m) = -2*m**2 + 7*m - 3. Calculate y(u).
-18
Suppose 24 = 2*x - 2*h - h, 3*x = 5*h + 34. Let p be 4/x - 6/27*-8. Let o(u) = -5*u**2 + u - 2. Calculate o(p).
-20
Suppose -24*h = 4*u - 25*h - 11, 2*h = u + 6. Let y(n) = n**3 - 5*n**2 + 2*n - 1. Let s(w) = w**2 - 1. Let c(t) = s(t) + y(t). Calculate c(u).
6
Let i(a) = -2*a**2 - a - 1. Let y(t) = -t**3 - 13*t**2 + t - 14. Let c(u) = 4*i(u) - y(u). Calculate c(-6).
4
Let g(d) = -12*d - 39. Let s be g(-3). Let y(w) = -w + 2. Give y(s).
5
Let x = 78 - 75. Suppose -3*g + 16 = g. Let b(r) = 2 - g*r + 0*r + x*r. Determine b(3).
-1
Let k(i) = -4*i**2 + i. Let b = -83 + 82. Let g(r) = 5*r + 4. Let q be g(b). Calculate k(q).
-5
Let g(s) be the second derivative of 1/12*s**4 + 5*s**2 + 7*s - 5/3*s**3 + 0. What is g(7)?
-11
Suppose z - 107 = -117. Let f(d) = -d - 6. What is f(z)?
4
Let y(z) = z**3 + 4*z + 5. Let r(d) = 2*d**3 + 7*d + 9. Let b(a) = -3*r(a) + 5*y(a). Let p be (-24)/9 + (-1)/3. Let q = -3 - p. Determine b(q).
-2
Let s(w) = 5*w**2 + 2. Let n be s(-1). Let u(a) be the first derivative of a**3/3 - 5*a**2 + 5*a + 5. What is u(n)?
-16
Let q(d) = 9*d**2 + 5*d + 7. Let z(h) = 29*h**2 + 16*h + 24. Let r(i) = -14*q(i) + 4*z(i). Calculate r(-1).
-6
Let p(d) = -6*d**2 - d + 1. Let c = 19 - -3. Let m = 23 - c. Calculate p(m).
-6
Let b(g) = -2*g - 6. Let j(z) = -z**2 + 26*z - 94. Let w be j(22). What is b(w)?
6
Let j(l) = 2*l - 2. Let z(f) = 4*f - 12. Suppose 0 = 3*u - 6 - 6, -5*g + 32 = -2*u. Let w be z(g). Suppose 0*s + w = 5*s. Give j(s).
6
Let n(w) = -2*w**3 - 18*w**2 + 12*w + 19. Let a(m) = -m**3 - m**2 + 1. Let t(p) = 3*a(p) - n(p). Give t(14).
12
Let x(g) be the second derivative of -g**3/2 - 7*g**2/2 + 4*g. Let n(i) = -1. Let h(z) = 6*n(z) - x(z). Give h(5).
16
Let v be 45/(-135) + 2/(48/14). Let o(z) be the first derivative of z**2 + 1 + v*z**4 + 2/3*z**3 - z. Calculate o(-2).
-5
Let o(u) be the third derivative of -7*u**6/120 - u**3/6 - 2*u**2 - 11*u. Calculate o(1).
-8
Let p be 4*15/80 + 3/(-4). Let b(h) be the second derivative of 1/6*h**3 + p - h**2 - 5*h. Determine b(5).
3
Let k(v) = -v**2 + 24*v + 100. Let s be k(28). Let y(m) = 2*m. Give y(s).
-24
Let a(n) = -2*n**2 - 6*n - 1. Let x be a(0). Let f(v) = 62*v + 7*v**2 + 4 - 61*v - 3. Calculate f(x).
7
Let q(j) be the second derivative of -3*j**5/10 - j**4/6 - j**3/3 - j**2/2 + j - 9. Give q(-1).
5
Let i(n) = -n - 7. Let b(h) = h. Let r(q) = 24*q + 12. Let j(a) = -42*b(a) + 2*r(a). Let s be j(-5). Determine i(s).
-1
Let i be -7 + -9*(-1)/3. Let k be 0*8/(-12)*3/i. Let p(b) = b + 9. Determine p(k).
9
Let j(v) = 0*v - 2*v - 2*v. Suppose -5*l = 19 - 9. Calculate j(l).
8
Suppose 12*d + 194 = 50. Let w be 156/(-4)*(-1)/3. Let n = d + w. Let a(h) = 2*h - 1. Determine a(n).
1
Let s(c) = -c**3 - 70*c - 73*c - 73*c + 14*c**2 + 19 + 214*c. Calculate s(14).
-9
Let y be ((-92)/805*15)/(5/((-35)/(-2))). Let j(l) = -l + 5*l**2 - 6*l + 7 + 3*l + l**3. Determine j(y).
-5
Let z(o) = o**2 - 3*o + 5. Let u(h) = -6*h**2 + 15*h - 26. Let l(m) = 2*u(m) + 11*z(m). Let b be (-39)/52 + (-102)/(-8). Suppose 0 = -4*g - b - 4. Give l(g).
-1
Let o(p) be the second derivative of p**4/12 + 5*p**3/6 - 4*p**2 - 54*p. Let m = 14 + -21. Calculate o(m).
6
Let t(l) be the third derivative of 14*l**2 + 0*l**3 + 0*l + 1/120*l**6 + 1/10*l**5 + 0 + 1/4*l**4. Suppose 5 = -2*x + x. Give t(x).
-5
Let d be 2 - (1 - (-27)/3). Let c be 8/32 + (-14)/d. Suppose -c*h + 5*n + 40 = 3*h, 0 = -h + 3*n + 12. Let l(r) = 2*r - 2. Calculate l(h).
10
Let v(g) = -2*g - 19. Let o be v(-11). Let u(s) = -6*s - s + o + 3*s + s**2. Let d = 1 + 1. What is u(d)?
-1
Let p(m) = -m - 2. Let h be p(-6). Let l(k) be the second derivative of k**5/20 - k**4/3 + k**3/6 - 3*k**2/2 + 4561*k - 2. Calculate l(h).
1
Let m(c) = 4*c - 2*c + 7 - 5*c**2 + c**3 + 10 - 13. Determine m(4).
-4
Let o(k) = 16*k**2 + 21*k + 26. Let f(d) = -7*d**2 - 9*d - 12. Let p(z) = -9*f(z) - 4*o(z). Calculate p(3).
-14
Suppose -5*o + 0*o = 4*h - 11, -13 = -2*h - 5*o. Let p(t) = -2*t**3 - t**2 + t + 1. Determine p(h).
1
Let m(b) = -5*b**3 + 10*b**2 - 2*b - 1. Let s(o) = 13*o**3 - 21*o**2 + 5*o + 3. Let z(j) = 5*m(j) + 2*s(j). Calculate z(-8).
1
Let t(v) = 35*v**3 + 1 - 2*v - 9*v**3 + v**2 - 17*v**3 - 10*v**3. What is t(1)?
-1
Let t(k) = -2*k + 13 - 5*k**3 - 3*k**2 + 4*k**3 - 14. Calculate t(-2).
-1
Let d(s) = s**2 + 1. Let j be ((-10)/(-1))/(3/3). Let h = -6 + j. Suppose -h*m = -z - 10, -z = 2*z + 3*m. Give d(z).
5
Let z(u) = u - 4. Let a be 4/5*260/26. Give z(a).
4
Let f(r) be the third derivative of 5*r**4/24 - 31*r**3/3 - 14*r**2 - 3. Calculate f(11).
-7
Let k(d) = -2*d + 7. Let p(x) = 5*x. Let i(m) = -6*m - 1. Let s(c) = -4*i(c) - 5*p(c). Let l(b) = 4*k(b) - 7*s(b). Let y = 5 + -4. Determine l(y).
-1
Suppose 2 = l - 0*l. Let d(i) = 8*i - 10*i**2 - 2*i**3 + i**l - 8 + 3*i**3. Determine d(8).
-8
Let t(h) be the first derivative of -h**5/20 + h**4/24 - 25*h**3/3 - 22. Let d(u) be the third derivative of t(u). Calculate d(1).
-5
Let t = 66 + -66. Let z(r) = r**3 - r**2 - r + 8. Give z(t).
8
Let j(a) = a**3 + 9*a**2 + 2*a. Suppose 4*g + d = -9 - 23, 3*g + 2*d + 19 = 0. Determine j(g).
-18
Let z(w) = 7*w**2 - 15*w + 6. Let s(n) = 23*n**2 - 44*n + 20. Let o(t) = -2*s(t) + 7*z(t). Give o(5).
-8
Let g(z) = z - 7. Let h = -10 + 19. Let d be g(h). Let i(b) = 0*b - 3 - 1 + b + d. Determine i(6).
4
Let x(t) = 17*t + 1. Let i(f) = -19*f - 2. Let d(j) = -5*i(j) - 6*x(j). Determine d(2).
-10
Let q(u) = u**3 + 8*u**2 + 2*u + 4. Let f(z) = 8*z - 32. Let y be f(3). Determine q(y).
-12
Let z(x) = 22*x**2 - 21*x**2 - 5 + 4*x + 8. What is z(-3)?
0
Let f(u) = 4*u**2 + 8*u + 9. Let s(v) = -5*v**2 - 9*v - 10. Let j(x) = 6*f(x) + 5*s(x). Determine j(3).
4
Suppose -2*f - 2*f = -4. Let h(l) be the second derivative of 2*l**4 - l**3/6 + l**2/2 - 223*l. Calculate h(f).
24
Suppose 7 + 3 = 5*v. Let y(d) = -d**2 - d**2 - 4*d**2 - 5 - d - d**v - d**3. Let t(c) = -6*c**2 - c - 4. Let h(j) = -5*t(j) + 4*y(j). What is h(-1)?
5
Suppose 0 = 3*l - r - 267, 2*r + 0*r - 456 = -5*l. Let p be 20/l - (-50)/18. Let h(g) = g - 5. Let t(k) = -k + 5. Let b(v) = -6*h(v) - 5*t(v). Calculate b(p).
2
Suppose -4*d = y, 4*y = -5*d - y. Let m(k) = d*k + 129 - 138 + 2*k. Calculate m(8).
7
Let y(d) = -d**3 - d**2 + 7*d + 5. Let c(v) = v**2 + 8*v + 11. Let p be c(-3). What is y(p)?
25
Let l(v) = -4*v - 3 + 8*v**3 - 9*v**3 + 2*v**3. Let p(f) be the second derivative of f**5/20 - f**4/2 + 5*f**3/6 - f**2 + 3*f. Let i be p(5). What is l(i)?
-3
Let s(q) = q**3 - 15 - 13 - q**2 + 24. Suppose -4*n + 12 = d, -4*n = -0*n - d - 12. Suppose -j = -2*a + 2, -n = 3*j + 5*a - 8. What is s(j)?
-4
Let q(w) = -w - 7. Let y(r) = -r**2 + 20*r - 8. Let c